(k) be the second derivative of 0 + 1/12*k**b + 1/2*k**2 + 4*k + 1/3*k**3 + 1/20*k**5. Calculate m(-2).
-7
Let m(k) = 4*k**3 + 5*k + 2 + 0 - 4. Let o = -5 + 6. Let p(z) = z**3 - z**2 + z - 1. Let n(t) = o*m(t) - 5*p(t). What is n(5)?
3
Let h(v) = v**3 + 2*v**2 - 2*v - 3. Suppose -12 = 4*n - 20. Let k = n - 4. What is h(k)?
1
Let u(r) = 113 - 29 + 2*r - 8*r - 45. Determine u(6).
3
Suppose -2*t = 6, 3*q + 2*t - 27 = -0*t. Suppose 9*l + 456 = q*l. Let s(z) = 234 - 4*z + 4*z + z**2 + 5*z - l. Calculate s(-4).
2
Let n(j) = -j**2 + 2*j + 2. Let b(g) = -g**2 - 13*g - 40. Let q(f) = -5*f**2 - 51*f - 161. Let w(t) = -9*b(t) + 2*q(t). Let x be w(17). What is n(x)?
-6
Suppose 0 = 4*k - 16, 5*j + 2*k - 55 = -22. Let p(y) = -y**2 + 3*y + 14. Calculate p(j).
4
Let p = 4 + -2. Let a(b) = -4*b**p - 4*b + 4 + 2*b**3 - 3*b - b**3. Let z be ((-7)/2 - -7)*30/21. Give a(z).
-6
Let p(a) be the second derivative of -a**5/20 + a**4/12 - 17*a**2/2 + 2*a - 94. Determine p(0).
-17
Suppose -4*k - 20 = 2*h, -8 + 23 = -2*h - 3*k. Let b(v) = -v + 2. Let z(f) = -2*f + 5. Let r(a) = 7*b(a) - 3*z(a). Calculate r(h).
-1
Let v be (28/(-8))/(2/(-4)) - 5. Let k(m) be the second derivative of m**5/20 - m**4/4 + m**3/2 - m**2/2 + m. What is k(v)?
1
Suppose -k + 4*l = 8*l + 51, 20 = -5*l. Let x = k - -42. Let z(u) = u**3 - 7*u**2 + u - 4. Determine z(x).
3
Let a(k) = -k**3 - 8*k**2 - k - 8. Let y be (9 - 10 - -13)/(3/(-2)). Give a(y).
0
Let x(y) be the second derivative of y**3/6 - 5*y**2/2 + 3*y. Let z be x(7). Let s(a) = 4 - 4*a - z*a + 3*a. What is s(4)?
-8
Let l = -14 + 7. Let t(p) = p**2 + 6*p - 6. Let h be t(l). Let i(c) = -h - 4*c + 2*c - 4*c + c. Give i(-2).
9
Suppose -2*x + 6 = -0*x. Let m(g) = 12*g - 3*g + 0*g - 11*g - g**2 + 3. Calculate m(x).
-12
Suppose -b + 4 = -0*r - 5*r, -5*b - 8 = 3*r. Let q(j) be the first derivative of -2*j**3 - j**2/2 + 6519. Calculate q(b).
-5
Let i(f) = -f**3 + 4*f**2 - f + 4. Let c = 16 - 13. Suppose -c*x - 21 = -3*n, 5*x = n + x - 16. Calculate i(n).
0
Let o(y) be the second derivative of -y**5/20 + 7*y**4/6 - 5*y**3/2 + 7*y**2 + 128*y. Calculate o(13).
-12
Suppose -8*p + 20 = -3*p, 2*u - 26 = -5*p. Let d(n) = -1 + 7*n + 0 + 2 - 4. Calculate d(u).
18
Let t(m) = -m + 10. Let q(p) = -p**2 - 13*p - 35. Let b be q(-8). Calculate t(b).
5
Suppose 0 = -309*g + 312*g - 6. Let u(d) = -d + 1. Calculate u(g).
-1
Let z = 6 - 2. Let b(s) be the second derivative of 5/12*s**4 + 1/2*s**2 - 2/3*s**3 - 1/20*s**5 + 0 - 21*s. Determine b(z).
1
Let v = 17 + -11. Let j(y) be the second derivative of 0 + 7/2*y**2 + 9*y - 1/6*y**3. Calculate j(v).
1
Let z(h) = -h**2 + 4*h + 3. Let u be z(-3). Let k be (12/(-18))/((-1)/u). Let w(g) = g**2 + 12*g - 6. What is w(k)?
-6
Suppose -3 = f, 0 = q - 0*f - f + 4. Let v = -1 - q. Let y(l) = -l**3 + 5*l**2 + 5*l + 5. Calculate y(v).
-1
Let i(w) = -45*w**2 - 3 - 42*w**2 + 88*w**2 + 2 + w**3 - 8. Calculate i(0).
-9
Let f be (-13)/2 - 3/(-6). Suppose -11*j + 281 = 50. Let c(x) = -x**2 - 8*x - 14 - 10 + j. Give c(f).
9
Let l = 73 + -71. Let s(b) = -3*b + l*b - 14 + 2 + 0*b. Give s(-5).
-7
Let q(r) be the first derivative of 12*r + 10/3*r**3 - 29 - 1/4*r**4 - 11/2*r**2. What is q(9)?
-6
Let w be -3*(-5 + -3 + 208/24). Let q(p) = 5*p**3 + p**2 - 2*p + 3. Let g(r) = -r**3 - 1. Let z(s) = 4*g(s) + q(s). What is z(w)?
-1
Let k(i) = i**2 - 2*i - 2. Suppose -5*u + 3*w = 5 - 25, u = -3*w + 4. Determine k(u).
6
Let j(s) = s + 80 - 165 + 29*s**3 + s + 87 + s + s**2. What is j(-1)?
-29
Let z(s) = s**3 + s**2 + s + 1. Let v(p) = 6*p - 138. Let d be v(23). Calculate z(d).
1
Let y(a) = a + 13. Let n(b) = -b - 5. Let s(l) = -5*n(l) - 3*y(l). Calculate s(11).
8
Let f(j) = -j**3 - 6*j**2 + j + 5. Let q be f(-6). Let p(k) = -4*k + 2*k + k + 46 + 2*k - 45. Determine p(q).
0
Let k(j) = j**3 - 7*j**2 - 7*j - 8. Let h(u) = -u**3 - 29*u**2 + 3*u + 95. Let n be h(-29). Calculate k(n).
0
Let l = -129 + 104. Let m be l/20 + (-12)/16. Let t(u) = u**3 + u**2 + 2*u + 1. What is t(m)?
-7
Let j(r) = -r - 10. Let m = 8 + -4. Let b = -24 + 21. Let y(x) = -x - 10. Let c(k) = b*y(k) + m*j(k). Give c(-5).
-5
Suppose -3*x + 99 = -9. Suppose -4*h - 16 + x = 5*k, -k = 4*h - 20. Let v(o) = -o - 9. What is v(k)?
-9
Let o(b) = -2 - 2*b**2 + 5 - 2*b + b**3 - b**2. Suppose -3*k + 93*a + 24 = 90*a, -5*a - 37 = -4*k. What is o(k)?
-3
Suppose -3*a - 1 = -3*h + 11, -5*a + h = 4. Let f(s) = -2 + a + 4 + s. Suppose -12*r - r = -26. Calculate f(r).
4
Let d(s) = -39 + 4*s + 50 + 4*s. Let r(q) = 3*q + 4. Let f(v) = -4*d(v) + 11*r(v). Give f(2).
2
Let a(n) be the third derivative of n**6/360 + n**5/24 + n**4/4 + 35*n**3/6 + 16*n**2. Let s(j) be the first derivative of a(j). Determine s(-4).
2
Let d(f) = 2*f**2 - 2 + 5 - 2. Let x be (4/8)/((-2)/(-8)). Let w be 9*x/6 + -5. What is d(w)?
9
Suppose 4*g + 23 = 4*q + 3, 4*g = -2*q + 4. Let x(i) = 2 - i**3 + q - 4 - 5*i + 6*i**2. Let v(p) = p**3 - 7*p**2 - 14*p - 31. Let l be v(9). Give x(l).
2
Let y(z) = -11*z**3 - 9*z**2 + z - 6. Let m(c) be the first derivative of -c**4 - c**3 - 2*c - 7. Let i(t) = 8*m(t) - 3*y(t). Calculate i(-3).
11
Let d = 3 - 2. Let z(v) = -4*v**3 + 2*v**2 - 2*v + 2. Let i(t) = -t + 2. Let n(p) = -i(p) + z(p). Determine n(d).
-3
Let s(o) = -12*o**2 - 8*o**2 - 12*o**2 + 31*o**2 + 5 + 4*o. Give s(5).
0
Let z(h) = -2*h + 12. Let p be z(4). Let g(o) = 10*o - 34. Give g(p).
6
Let f(h) = 3*h - 3 + 0 - h**2 + h. Let b be ((-6)/(-10))/((-7)/(-105)). Let v = b + -5. What is f(v)?
-3
Suppose -23*o = -9*o - 56. Let v(f) = -2*f + 9. Determine v(o).
1
Let q(w) = -5*w + 2. Suppose -4*t - 34*x + 32*x = -26, -4*t + 4*x + 20 = 0. Determine q(t).
-28
Let q(j) = -6*j**2 - 2*j + 1. Suppose 0 = -5*b - 41 + 36. Let c = 0 - b. What is q(c)?
-7
Let l(u) be the first derivative of 5*u**2/2 + 4*u + 17. Let i be -5 + (-1 - -1)/2. Let b = -8 - i. What is l(b)?
-11
Let x(g) = g**3 - 2*g**2 - g + 1. Let y(r) = -5*r**3 + 8*r**2 + 3*r. Let t(d) = 4*x(d) + y(d). Calculate t(0).
4
Let a(m) = 18*m**2 - 4 - 6*m**2 + m + 11*m**3 - 7*m**2 - 4*m. Let q(p) = -11*p**3 - 6*p**2 + 4*p + 5. Let b(f) = 6*a(f) + 5*q(f). Give b(-1).
-12
Let h(f) = f - 2. Suppose 5*z - 88 = -3*m - 37, -5*z + 2*m + 41 = 0. Let s(d) = d**2 - 6*d + 8. Let p be s(4). Suppose -3*o = -z - p. Determine h(o).
1
Let s(m) be the second derivative of m**5/20 - 5*m**4/12 + m**3/3 - 9*m**2/2 - 176*m. What is s(5)?
1
Let r(l) = 7*l**2 + l. Let o(a) = 3 - 4*a - 2 - 2 - 4*a**2 + 0*a**3 - a**3. Let j be o(-3). Suppose -5*s + 2*b = -7, 5*s + j*b = b + 4. Calculate r(s).
8
Let q(u) = 15*u**2 + 2*u + 1. Suppose -6 = -868*a + 874*a. What is q(a)?
14
Let k(g) be the first derivative of -g**3/3 - 2*g**2 - 2. Let h = -206 - -201. What is k(h)?
-5
Let h(g) = -g**3 + 6*g**2 - 2*g + 7. Let w = -28 + 34. Let o(f) = -2*f**2 + 13*f. Let n be o(w). Calculate h(n).
-5
Suppose s + 13 = 3*y, -3*s - 2 + 8 = 0. Let o(l) = 3*l - 8. Determine o(y).
7
Let f(j) = 4*j**2 + j**2 - 2*j + 3 + j - j**3. Let c = -26 + 15. Let a = 16 + c. Give f(a).
-2
Suppose -a - 5*a = 36. Let q be a/(-9)*9/1. Let r(f) = -f**3 + 5*f**2 + 7*f - 7. Determine r(q).
-1
Suppose 0 = 4*s + s. Suppose 10 = -s*t + 5*t. Let j(x) = -t*x + 0*x + 7 - 1. Give j(4).
-2
Let w = -148 - -160. Let z(s) = -s**3 + 11*s**2 + 13*s - 20. Determine z(w).
-8
Let l(q) = -q**2 - 5*q - 6. Let c be 5 + 16/12*30/(-4). Determine l(c).
-6
Suppose r = 9 - 2. Let o(s) = 8 + 16*s - s**2 - 9*s + 0*s**2. What is o(r)?
8
Let p(z) = 6 + 24*z + 1 - 23*z. Let v be -5*(-4 - -1)/(-3). Calculate p(v).
2
Let x(m) = -m**2 + 2*m + 3. Suppose -2*y = -5*r + 90, 5*r + 0*y = -2*y + 70. Suppose -r = -4*j - 0*j. Suppose -j*u = 5*h, -7 = -4*h - 2*u - 1. Calculate x(h).
-5
Suppose i = 2*b - 0*b - 4, -3*i + b - 12 = 0. Let m(n) = -n**2 - 2*n + 5. Calculate m(i).
-3
Let o(m) = -4*m + 2. Suppose 5*p + x = 43, -3*p + 9*x + 30 = 11*x. Calculate o(p).
-30
Let y(z) = -z**3 + 7*z**2 - 5*z - 6. Suppose 5 = 5*s - 25. Determine y(s).
0
Let x(r) = -r - 23. Let u be (-4)/(-16) + -2*(-3)/(-24). Give x(u).
-23
Let m(c) be the second derivative of -c**4/12 - 2*c**3/3 + 3*c**2/2 + 43*c - 2. What is m(-4)?
3
Let g(o) = -2*o**2 - 10*o - 8. Let i be g(-3). Let k(q) = -q**2 + 2*q - 3. Give k(i).
-11
Let n(s) = -1. Let w be ((-2)/(-8))/(5/(-20)). Let g(d) = 2 - 3 - 3*d + 4. Let x(y) = w*g(y) - 3*n(y). Determine x(-